f f.
2, 5
Suppose 660 = 8*l - 5*l. List the prime factors of l.
2, 5, 11
Suppose -4*f = -36 + 12. List the prime factors of 32/f + 4/6.
2, 3
Let a(k) = 7*k + 2. List the prime factors of a(2).
2
Suppose 369 = 5*b - 2*t, -3*b - 5*t = 2*b - 355. What are the prime factors of b?
73
Suppose 7*n + 20 = 2*n, 2*m + 4*n + 6 = 0. Suppose -4*p + 29 = m*v - 32, 0 = v - 2*p - 1. Let s = 14 - v. List the prime factors of s.
5
Let o be ((-4)/10)/(8/(-40)). Suppose 0 = -u + 31 + o. What are the prime factors of u?
3, 11
Suppose -3*c - 774 = -3*o, -2*o + 532 = 5*c + 2. What are the prime factors of o?
2, 5, 13
Suppose 3*k = -2*n + 19, -3*n = -9*k + 4*k. Suppose 3*s + n = 44. What are the prime factors of s?
13
Suppose 2 = -3*y + 8. Suppose 5*q - q + 20 = 0, y*a + 4*q = 2. List the prime factors of a.
11
Let t(n) = 8*n + 2. Let y be t(2). Let m be (-166)/(-18) + (-4)/y. Suppose 2 + m = l. List the prime factors of l.
11
Let t(a) = 2*a**2 + 3*a + 1. What are the prime factors of t(3)?
2, 7
Let w(k) = -5*k - 9. List the prime factors of w(-7).
2, 13
Let c(h) = -h**3 - 8*h**2 - 9*h + 15. List the prime factors of c(-10).
5, 61
Let z(k) = 6*k. Let y be z(-2). Let q = -31 - -54. Let m = q + y. List the prime factors of m.
11
Suppose 3*o = -4*t - 63, -2 = -3*t + 5*o - 13. Let l = t + 23. List the prime factors of l.
11
Let o(x) = x**3 - 2*x**2 - 5*x + 4. Let q be o(3). Let h(g) = g**3 + 4*g**2 + 4*g + 1. Let y be h(-4). List the prime factors of ((-10)/y)/(q/(-36)).
2, 3
Suppose -4*b = -7*b. Suppose 2*c = n + 58, -3*c + 88 = -b*c - 2*n. What are the prime factors of c?
2, 7
Let y = 31 - 24. What are the prime factors of y?
7
Suppose 2*t + 5*i - 8 = i, -4*i = -4*t + 76. Let c(d) = d - 2. Let p be c(-2). Let r = p + t. List the prime factors of r.
2, 5
Let j(l) be the second derivative of 51*l**5/20 + l**4/12 - l**3/6 + l**2/2 - 11*l. What are the prime factors of j(1)?
2, 13
What are the prime factors of 32*2 - (-1 + 3)?
2, 31
Let p be (0/(2*-2))/(-3). Suppose p = -2*v + v + 2. What are the prime factors of v?
2
Suppose 3*x = -2*x. Suppose -j = -3*j - 3*s + 4, x = -4*j + 4*s + 8. List the prime factors of (0 - j)/(1/(-2)).
2
Let r = 47 - 8. List the prime factors of r.
3, 13
Suppose -2*k + k = -s - 35, 5*s = -3*k + 73. Suppose 4*p + 3*m + 13 - 53 = 0, -k = -3*p - 2*m. List the prime factors of p.
13
Suppose -5*u + 623 = s, 0 = -5*u + 2*s - 7*s + 635. List the prime factors of u.
2, 31
Let z(q) = q**3 - 5*q**2 - 7*q + 6. Let n be z(6). Suppose 0 = -n*t - 3*t + 6. What are the prime factors of t?
2
Suppose 5*w + 10 - 210 = 0. List the prime factors of w.
2, 5
Let i = 98 + -24. List the prime factors of i.
2, 37
List the prime factors of 2060/15 + 0 - (-4)/6.
2, 3, 23
Let r(i) = -i**3 + 6*i**2 - i + 2. Let k be r(6). What are the prime factors of k/(-14) - (-356)/28?
13
Suppose 9*j = 8*j + 68. List the prime factors of j.
2, 17
Suppose -2*y + 2 = -2. Suppose -3 = -y*w + 3. List the prime factors of w.
3
Let c be (-4)/10 + (-34)/(-10). Let i = 31 - 22. Let r = c + i. What are the prime factors of r?
2, 3
Let l = -7 + -9. Let k = l - -26. What are the prime factors of k?
2, 5
Suppose 47 + 49 = 3*m. Suppose -2*t - m = -4*t. What are the prime factors of t?
2
Let k = -6 + -16. Let d be (3/4)/(47/(-48) - -1). Let x = d + k. What are the prime factors of x?
2, 7
Let i(r) = -2*r**3 - 12*r**2 - 9*r - 8. List the prime factors of i(-6).
2, 23
Suppose 5*m + 3*u = 33, -m - 2*u - u + 9 = 0. Let n(g) = 3*g. Let c(s) = 7*s - 1. Let f(q) = 4*c(q) - 9*n(q). What are the prime factors of f(m)?
2
Let s(d) = -17*d + 4. Let m be s(4). Let o be (-4)/10 + m/(-10). Suppose o = c - 3. List the prime factors of c.
3
Suppose 16*y = 18*y. Suppose y*g - 2*g + 42 = 2*q, -5*g = -5*q - 75. What are the prime factors of g?
2, 3
List the prime factors of 84/4 + (1 - -1).
23
Suppose 3*h = 4*c - 6*c - 31, 4*c + 82 = -2*h. Let b(r) = r - 1. Let i be b(-1). Let u = i - c. What are the prime factors of u?
3, 7
Let b(q) = q**2 - 6*q - 16. List the prime factors of b(11).
3, 13
Let c = 5 + -2. Let z = -3 + c. Suppose z*b = -2*b + 8. What are the prime factors of b?
2
Suppose -4*t - b - 16 = 21, 1 = -2*t + 3*b. Let i be ((-3)/2)/((-6)/t). Let r = i + 5. List the prime factors of r.
3
Let m(k) = -2*k - 13. Let z = -10 - -1. What are the prime factors of m(z)?
5
Let f(n) = -8*n + 2. Let z be f(2). Suppose -5*p - 132 + 17 = 0. Let q = z - p. List the prime factors of q.
3
Suppose -7 = 5*z - 27. Suppose 36 = 4*q - 120. Suppose -v = -z*v + q. List the prime factors of v.
13
Let d = -24 + 74. Suppose -v = 4*v - d. What are the prime factors of v?
2, 5
Let z be 0/(1/(2 + -1)). Suppose i - 5*c + 8 = 0, 5*c + 7 = i + 3*c. List the prime factors of i + (z/3 - 1).
2
Let m = -147 - -247. What are the prime factors of m?
2, 5
Suppose -3*l + 45 = 2*v, -4*l + 49 + 17 = 3*v. List the prime factors of v.
2, 3
List the prime factors of 378/5 - 8/(-20).
2, 19
Let m(p) = -p**2 - p - 1. Let j(y) = -16*y**2 + y + 1. Let n(u) = -j(u) - 2*m(u). Let t be n(-1). Let i = -12 + t. What are the prime factors of i?
2, 3
Let y(k) = -k**3 - 2*k**2 + 2*k + 1. Let p be y(2). Let t = 15 + p. Suppose 9*a - t*a - 45 = 0. What are the prime factors of a?
3
Let w be (0 + -3 + 3)/(-2). Suppose w*q = -2*q + 6. List the prime factors of q.
3
Let r be ((-4)/(-6))/(4/6). Let h be -2*r*(0 + -1). Let w = h - -2. List the prime factors of w.
2
Suppose 4*n + 303 = 3*s, -n + 4*n = -3*s + 282. List the prime factors of s.
97
Suppose -s + n - 79 = -3*s, 2*s - 73 = -3*n. What are the prime factors of s?
41
Suppose 4*n = 3 + 29. Suppose -8*w = -4*w - n. Suppose -2*x + 5*r = -24, 1 + 7 = -w*r. List the prime factors of x.
2
Let i be (9/2)/(21/140). Suppose -5*t - 3*p - 27 = 0, -2*p - i = 5*t - 7. Let u = t - -13. What are the prime factors of u?
2, 5
Let v(m) = 2*m**3 + 6*m**2 + 6*m + 5. Let w be v(-4). Let y = w + 74. What are the prime factors of y?
23
Let j(o) = -o**2 - 10*o + 10. What are the prime factors of j(-7)?
31
Suppose 3*z + 3 = k - 2, 3*k + 5*z = 29. Suppose k*w - 8 = 4*w. List the prime factors of w.
2
Let m(k) = 16*k - 17. List the prime factors of m(6).
79
Suppose 4*v + v - 75 = 0. What are the prime factors of v?
3, 5
Let m = 327 + -147. List the prime factors of m.
2, 3, 5
List the prime factors of 12/8*38/1.
3, 19
Let c(x) = -4*x**2 - x + 2. Let w be c(-3). Let u(m) = 11*m. Let h be u(-2). Let o = h - w. What are the prime factors of o?
3
Suppose -v = -0*v - 6. What are the prime factors of v + -2 + (5 - 3)?
2, 3
Let x(f) = f**2 + 5*f - 5. Let l be x(-6). List the prime factors of (-6)/((-3 - -2)*l).
2, 3
Let p(r) = r**2 + 2*r + 1. Let x be p(-1). What are the prime factors of (x + -2)/((-6)/36)?
2, 3
Let d(v) = -10*v**3 - v. Suppose -2*y + 16 = -6*y. Let r(g) = -g**3 - 5*g**2 - 3*g + 3. Let i be r(y). List the prime factors of d(i).
11
Suppose -2*l = -114 + 4. Let o = 101 - l. What are the prime factors of o?
2, 23
Suppose -5*x + 29 = 2*z, 2*x - 12 = -z - 0*z. Suppose z*r = -r + 15. Suppose -r*b - 1 - 4 = 2*i, 2*b = 2*i - 30. List the prime factors of i.
2, 5
Let n be 4 - 3*(-3)/(-9). Suppose -4*f = 3*s - 31, -n*s + 46 = f + 18. Suppose 5*q = 29 - s. What are the prime factors of q?
2
Suppose 18*u = 23*u - 1475. What are the prime factors of u?
5, 59
Let y(l) = l**3 + 4*l**2 - 3*l - 2. Let f be y(-5). Let o = f + 39. List the prime factors of o.
3
Let l(r) = 1 + 3 - 2*r - 2. Let f be l(3). Let n(b) = -b**3 - 4*b**2 - 2*b + 2. List the prime factors of n(f).
2, 5
Suppose 2*x - 18 = -2*r, 2*x - 5*r + 9 = -1. Suppose 4*a = 3*a + l + x, -45 = -3*a - 3*l. What are the prime factors of a?
2, 5
Suppose 3 = -0*n + n. Suppose 3 = -4*f + n*o, -17 = -3*f - 5*o + 17. List the prime factors of f.
3
What are the prime factors of -2*(1 + 12/(-4))?
2
Suppose 0 = -4*w - 44 + 536. List the prime factors of w.
3, 41
Suppose 0*s + 4 = s. Suppose 4*r = -3*w + 33 - s, 5*r - 2*w - 19 = 0. What are the prime factors of 1 - r/((-10)/4)?
3
Let h = -17 - -46. Let u = 42 - h. What are the prime factors of u?
13
Suppose -2*l + 2 = -l. Let z be l/5 + (-52)/5. What are the prime factors of (24/z)/((-9)/30)?
2
What are the prime factors of 3 + (-3 - (-30)/3)?
2, 5
Let s(z) = -3*z**3 - 2*z**2 + z + 1. Suppose -g - 3 = -4, -5*g + 11 = -3*x. What are the prime factors of s